?
1049
What are the prime factors of 11695?
5, 2339
List the prime factors of 6484.
2, 1621
What are the prime factors of 1258?
2, 17, 37
What are the prime factors of 4810?
2, 5, 13, 37
List the prime factors of 252.
2, 3, 7
What are the prime factors of 134721?
3, 14969
What are the prime factors of 3508?
2, 877
What are the prime factors of 1468?
2, 367
What are the prime factors of 16716?
2, 3, 7, 199
List the prime factors of 616.
2, 7, 11
List the prime factors of 1431.
3, 53
List the prime factors of 1866.
2, 3, 311
List the prime factors of 4994.
2, 11, 227
What are the prime factors of 1938?
2, 3, 17, 19
What are the prime factors of 287?
7, 41
What are the prime factors of 60898?
2, 30449
List the prime factors of 8618.
2, 31, 139
What are the prime factors of 2115?
3, 5, 47
List the prime factors of 2226.
2, 3, 7, 53
What are the prime factors of 1045?
5, 11, 19
What are the prime factors of 2803?
2803
List the prime factors of 13.
13
What are the prime factors of 5490?
2, 3, 5, 61
What are the prime factors of 405?
3, 5
List the prime factors of 1415.
5, 283
List the prime factors of 1205.
5, 241
What are the prime factors of 4052?
2, 1013
List the prime factors of 1103.
1103
List the prime factors of 20061.
3, 743
List the prime factors of 8289.
3, 307
List the prime factors of 1825.
5, 73
List the prime factors of 8946.
2, 3, 7, 71
List the prime factors of 79928.
2, 97, 103
List the prime factors of 66.
2, 3, 11
What are the prime factors of 147611?
17, 19, 457
List the prime factors of 31659.
3, 61, 173
What are the prime factors of 53812?
2, 11, 1223
List the prime factors of 929.
929
List the prime factors of 484.
2, 11
What are the prime factors of 5667?
3, 1889
List the prime factors of 2770.
2, 5, 277
List the prime factors of 13738.
2, 6869
List the prime factors of 21302.
2, 10651
List the prime factors of 6270.
2, 3, 5, 11, 19
List the prime factors of 691.
691
List the prime factors of 478.
2, 239
List the prime factors of 25286.
2, 47, 269
List the prime factors of 34997.
79, 443
List the prime factors of 2906.
2, 1453
List the prime factors of 3215.
5, 643
What are the prime factors of 1350?
2, 3, 5
What are the prime factors of 3292?
2, 823
List the prime factors of 8469.
3, 941
List the prime factors of 828.
2, 3, 23
What are the prime factors of 13173?
3, 4391
What are the prime factors of 4178?
2, 2089
List the prime factors of 154055.
5, 11, 2801
What are the prime factors of 10865?
5, 41, 53
What are the prime factors of 6054?
2, 3, 1009
What are the prime factors of 14?
2, 7
List the prime factors of 8072.
2, 1009
List the prime factors of 289.
17
What are the prime factors of 10266?
2, 3, 29, 59
What are the prime factors of 7190?
2, 5, 719
List the prime factors of 15640.
2, 5, 17, 23
What are the prime factors of 5132?
2, 1283
What are the prime factors of 2535?
3, 5, 13
List the prime factors of 2393.
2393
What are the prime factors of 51?
3, 17
List the prime factors of 22574.
2, 11287
What are the prime factors of 56248?
2, 79, 89
What are the prime factors of 12346?
2, 6173
What are the prime factors of 1261?
13, 97
What are the prime factors of 503?
503
What are the prime factors of 4742?
2, 2371
List the prime factors of 21574.
2, 7, 23, 67
List the prime factors of 8956.
2, 2239
What are the prime factors of 20645?
5, 4129
List the prime factors of 110829.
3, 36943
List the prime factors of 1988.
2, 7, 71
What are the prime factors of 5284?
2, 1321
List the prime factors of 308.
2, 7, 11
What are the prime factors of 69064?
2, 89, 97
List the prime factors of 1307.
1307
What are the prime factors of 3393?
3, 13, 29
What are the prime factors of 20813?
13, 1601
What are the prime factors of 62207?
62207
List the prime factors of 327.
3, 109
What are the prime factors of 8681?
8681
List the prime factors of 2465.
5, 17, 29
What are the prime factors of 25308?
2, 3, 19, 37
List the prime factors of 48258.
2, 3, 7, 383
List the prime factors of 26871.
3, 13, 53
What are the prime factors of 166?
2, 83
What are the prime factors of 75012?
2, 3, 7, 19, 47
What are the prime factors of 2393?
2393
List the prime factors of 6128.
2, 383
What are the prime factors of 2144?
2, 67
What are the prime factors of 32718?
2, 3, 7, 19, 41
What are the prime factors of 90550?
2, 5, 1811
List the prime factors of 551.
19, 29
List the prime factors of 1275.
3, 5, 17
List the prime factors of 56805.
3, 5, 7, 541
What are the prime factors of 9806?
2, 4903
What are the prime factors of 69711?
3, 19, 1223
What are the prime factors of 1508?
2, 13, 29
What are the prime factors of 31311?
3, 7, 71
List the prime factors of 2078.
2, 1039
List the prime factors of 7460.
2, 5, 373
What are the prime factors of 735?
3, 5, 7
What are the prime factors of 88995?
3, 5, 17, 349
What are the prime factors of 159?
3, 53
List the prime factors of 338.
2, 13
What are the prime factors of 32270?
2, 5, 7, 461
What are the prime factors of 66756?
2, 3, 5563
List the prime factors of 72103.
72103
List the prime factors of 12868.
2, 3217
What are the prime factors of 31666?
2, 71, 223
List the prime factors of 1167.
3, 389
List the prime factors of 664.
2, 83
What are the prime factors of 13855?
5, 17, 163
What are the prime factors of 5400?
2, 3, 5
What are the prime factors of 1478?
2, 739
What are the prime factors of 142026?
2, 3, 23671
What are the prime factors of 4383?
3, 487
List the prime factors of 9296.
2, 7, 83
List the prime factors of 2232.
2, 3, 31
What are the prime factors of 53830?
2, 5, 7, 769
What are the prime factors of 4759?
4759
List the prime factors of 6494.
2, 17, 191
List the prime factors of 52.
2, 13
List the prime factors of 10508.
2, 37, 71
List the prime factors of 16945.
5, 3389
What are the prime factors of 5364?
2, 3, 149
List the prime factors of 3282.
2, 3, 547
What are the prime factors of 14685?
3, 5, 11, 89
List the prime factors of 527.
17, 31
What are the prime factors of 26597?
26597
List the prime factors of 2538.
2, 3, 47
List the prime factors of 3595.
5, 719
List the prime factors of 21474.
2, 3, 1193
What are the prime factors of 5618?
2, 53
What are the prime factors of 11487?
3, 7, 547
What are the prime factors of 8498?
2, 7, 607
List the prime factors of 2806.
2, 23, 61
List the prime factors of 1882.
2, 941
What are the prime factors of 1554?
2, 3, 7, 37
List the prime factors of 6083.
7, 11, 79
What are the prime factors of 47669?
73, 653
What are the prime factors of 1409?
1409
What are the prime factors of 1814?
2, 907
List the prime factors of 9960.
2, 3, 5, 83
What are the prime factors of 204?
2, 3, 17
List the prime factors of 11795.
5, 7, 337
List the prime factors of 2423.
2423
What are the prime factors of 27395?
5, 5479
What are the prime factors of 1038?
2, 3, 173
List the prime factors of 8500.
2, 5, 17
What are the prime factors of 1052?
2, 263
What are the prime factors of 12244?
2, 3061
What are the prime factors of 1152?
2, 3
What are the prime factors of 755?
5, 151
What are the prime factors of 3032?
2, 379
List the prime factors of 2107.
7, 43
List the prime factors of 15842.
2, 89
What are the prime factors of 541?
541
What are the prime factors of 557?
557
What are the prime factors of 70945?
5, 7, 2027
What are the prime factors of 5343?
3, 13, 137
What are the prime factors of 75928?
2, 9491
List the prime factors of 945.
3, 5, 7
List the prime factors of 7228.
2, 13, 139
What are the prime factors of 3387?
3, 1129
What are the prime factors of 24193?
13, 1861
List the prime factors of 754.
2, 13, 29
What are the prime factors of 17350?
2, 5, 347
List the prime factors of 2677.
2677
What are the prime factors of 29679?
3, 13, 761
What are the prime factors of 2753?
2753
What are the prime factors of 1208?
2, 151
List the prime factors of 14685.
3, 5, 11, 89
What are the prime factors of 6665?
5, 31, 43
List the prime factors of 147881.
147881
What are the prime factors of 29838?
2, 3, 4973
List the prime factors of 117778.
2, 58889
List the prime factors of 12875.
5, 103
What are the prime factors of 6523?
11, 593
List the prime factors of 2878.
2, 1439
What are the prime factors of 2081?
2081
What are the prime factors of 831?
3, 277
What are the prime factors